{"id":1191,"date":"2025-08-06T13:14:41","date_gmt":"2025-08-06T13:14:41","guid":{"rendered":"https:\/\/snitz.se\/gymnasium\/?page_id=1191"},"modified":"2026-04-14T10:08:49","modified_gmt":"2026-04-14T10:08:49","slug":"modersmal","status":"publish","type":"page","link":"https:\/\/snitz.se\/gymnasium\/modersmal\/","title":{"rendered":"Modersm\u00e5l"},"content":{"rendered":"\n<h2 class=\"wp-block-heading\"><\/h2>\n\n\n\n\t\n\t\n\t\n\n\t\n\t\n\t\t\n<section  class=\"c-block l-stacked  \" data-color-scheme=\"orange\">\n\t<div class=\"ams-fifty ams-fifty--container ams-fifty--right ams-fifty--bottom l-container u-pt-fluid-3xl-6xl u-pb-fluid-3xl-6xl\">\n\t\t<div class=\"ams-fifty__content l-stack l-stack-xl is-left is-left@lg\">\n\t\t\t<div class=\"ams-fifty__text l-stack l-stack-lg\">\n\t\t\t\t\t\n\t<h2\n\tclass=\"c-heading u-font-title-1 \"\n\tstyle=\"\">\n\t\t\n\t\t\t\t\tModersm\u00e5l\n\t\t\t\t\n\t<\/h2>\n\n\t\t\t\t\t\t\t\t\t<div class=\"text l-stack u-font-body\">\n\t\t\t\t\t\t<p><strong>Nya regler f\u00f6r modersm\u00e5lsundervisning i nationella minoritetsspr\u00e5k fr\u00e5n 1 juli 2025.<\/strong><\/p>\n<p>Fr\u00e5n och med 1 juli 2025 g\u00e4ller nya best\u00e4mmelser f\u00f6r elever som vill l\u00e4sa modersm\u00e5l i ett nationellt minoritetsspr\u00e5k (finska, jiddisch, me\u00e4nkieli, romani chib eller samiska).<\/p>\n<p>Det tidigare kravet p\u00e5 att ha goda kunskaper i spr\u00e5ket tas bort. Det inneb\u00e4r att elever som har tillh\u00f6righet till ett nationellt minoritetsspr\u00e5k kan f\u00e5 modersm\u00e5lsundervisning \u00e4ven om de inte redan beh\u00e4rskar spr\u00e5ket v\u00e4l.<\/p>\n<p>L\u00e4s mer om r\u00e4tten att l\u00e4sa modersm\u00e5l p\u00e5 <a href=\"https:\/\/utbildningsguiden.skolverket.se\/gymnasieskolan\/sprak-i-gymnasieskolan\/din-ratt-att-lasa-modersmal-i-gymnasieskolan\">Skolverkets webbplats. <\/a>F\u00f6r att ans\u00f6ka om modersm\u00e5lsundervisning kan du anv\u00e4nda v\u00e5r ans\u00f6kningsmall.<\/p>\n\n\t\t\t\t\t<\/div>\n\t\t\t\t\t\t\t<\/div>\n\n\t\t\t\t<div class=\"ams-fifty__action u-inline-items\">\n\t\t\t\t\t\t\t\n\n\n<a href=\"https:\/\/snitz.se\/wp-content\/uploads\/sites\/3\/2025\/08\/ansokan-om-modersmal-gymnasieskola-uppdaterad-250311.pdf\"\n\t\n\tclass=\"c-btn \"\n\tdata-style=\"rounded\"\n\tdata-size=\"md\"\n\tdata-width=\"full-mobile\"\n\tdata-variant=\"default\"\n\ttarget=\"_blank\">\n\t\t\t<span class=\"label\"> Ans\u00f6kningsmall<\/span>\n\t\t\t<\/a>\n\t\t\t<\/div>\n\t\t<\/div>\n\n\t\t <div class=\"ams-fifty__media u-ratio-square\">\n\t\t \t\t\t\t\t<img loading=\"lazy\" decoding=\"async\" width=\"600\" height=\"400\" src=\"https:\/\/snitz.se\/wp-content\/uploads\/sites\/3\/2026\/04\/mg4125-600x400.jpg\" class=\"attachment-md size-md\" alt=\"Elever som l\u00e4ser och skrattar tillsammans.\" sizes=\"(min-width: 64em) 600px, calc(100vw - 160px)\" srcset=\"https:\/\/snitz.se\/wp-content\/uploads\/sites\/3\/2026\/04\/mg4125-600x400.jpg 600w, https:\/\/snitz.se\/wp-content\/uploads\/sites\/3\/2026\/04\/mg4125-300x200.jpg 300w, https:\/\/snitz.se\/wp-content\/uploads\/sites\/3\/2026\/04\/mg4125-400x267.jpg 400w, https:\/\/snitz.se\/wp-content\/uploads\/sites\/3\/2026\/04\/mg4125-800x533.jpg 800w, https:\/\/snitz.se\/wp-content\/uploads\/sites\/3\/2026\/04\/mg4125-1024x683.jpg 1024w, https:\/\/snitz.se\/wp-content\/uploads\/sites\/3\/2026\/04\/mg4125-1200x800.jpg 1200w, https:\/\/snitz.se\/wp-content\/uploads\/sites\/3\/2026\/04\/mg4125.jpg 1500w\" \/>\n\t\t\t\n\t\t\t\n\t\t\t\t\t<\/div>\n\t<\/div>\n\n\t\t\n\n<\/section>\n\n\n\n<p><\/p>\n","protected":false},"excerpt":{"rendered":"","protected":false},"author":4,"featured_media":1437,"parent":0,"menu_order":0,"comment_status":"closed","ping_status":"closed","template":"","meta":{"footnotes":""},"yoast_head":"<!-- This site is optimized with the Yoast SEO plugin v22.0 - https:\/\/yoast.com\/wordpress\/plugins\/seo\/ -->\n<title>Snitz Gymnasium<\/title>\n<meta name=\"description\" content=\"Fr\u00e5n och med 1 juli 2025 g\u00e4ller nya best\u00e4mmelser f\u00f6r elever som vill l\u00e4sa modersm\u00e5l i ett nationellt minoritetsspr\u00e5k (finska, jiddisch, me\u00e4nkieli, romani chib eller samiska).\" \/>\n<meta name=\"robots\" content=\"index, follow, max-snippet:-1, max-image-preview:large, max-video-preview:-1\" \/>\n<link rel=\"canonical\" href=\"https:\/\/snitz.se\/gymnasium\/modersmal\/\" \/>\n<meta property=\"og:locale\" content=\"sv_SE\" \/>\n<meta property=\"og:type\" content=\"article\" \/>\n<meta property=\"og:description\" content=\"Fr\u00e5n och med 1 juli 2025 g\u00e4ller nya best\u00e4mmelser f\u00f6r elever som vill l\u00e4sa modersm\u00e5l i ett nationellt minoritetsspr\u00e5k (finska, jiddisch, me\u00e4nkieli, romani chib eller samiska).\" \/>\n<meta property=\"og:url\" content=\"https:\/\/snitz.se\/gymnasium\/modersmal\/\" \/>\n<meta property=\"og:site_name\" content=\"Snitz Gymnasium\" \/>\n<meta property=\"article:modified_time\" content=\"2026-04-14T10:08:49+00:00\" \/>\n<meta property=\"og:image\" content=\"https:\/\/snitz.se\/wp-content\/uploads\/sites\/3\/2026\/04\/mg4125-1200x630.jpg\" \/>\n\t<meta property=\"og:image:width\" content=\"1200\" \/>\n\t<meta property=\"og:image:height\" content=\"630\" \/>\n\t<meta property=\"og:image:type\" content=\"image\/jpeg\" \/>\n<meta name=\"twitter:card\" content=\"summary_large_image\" \/>\n<meta name=\"twitter:description\" content=\"Fr\u00e5n och med 1 juli 2025 g\u00e4ller nya best\u00e4mmelser f\u00f6r elever som vill l\u00e4sa modersm\u00e5l i ett nationellt minoritetsspr\u00e5k (finska, jiddisch, me\u00e4nkieli, romani chib eller samiska).\" \/>\n<meta name=\"twitter:image\" content=\"https:\/\/snitz.se\/wp-content\/uploads\/sites\/3\/2026\/04\/mg4125-1200x630.jpg\" \/>\n<meta name=\"twitter:label1\" content=\"Ber\u00e4knad l\u00e4stid\" \/>\n\t<meta name=\"twitter:data1\" content=\"1 minut\" \/>\n<script type=\"application\/ld+json\" class=\"yoast-schema-graph\">{\"@context\":\"https:\/\/schema.org\",\"@graph\":[{\"@type\":\"WebPage\",\"@id\":\"https:\/\/snitz.se\/gymnasium\/modersmal\/\",\"url\":\"https:\/\/snitz.se\/gymnasium\/modersmal\/\",\"name\":\"Modersm\u00e5l - Snitz Gymnasium\",\"isPartOf\":{\"@id\":\"https:\/\/snitz.se\/gymnasium\/#website\"},\"datePublished\":\"2025-08-06T13:14:41+00:00\",\"dateModified\":\"2026-04-14T10:08:49+00:00\",\"description\":\"Fr\u00e5n och med 1 juli 2025 g\u00e4ller nya best\u00e4mmelser f\u00f6r elever som vill l\u00e4sa modersm\u00e5l i ett nationellt minoritetsspr\u00e5k (finska, jiddisch, me\u00e4nkieli, romani chib eller samiska).\",\"breadcrumb\":{\"@id\":\"https:\/\/snitz.se\/gymnasium\/modersmal\/#breadcrumb\"},\"inLanguage\":\"sv-SE\",\"potentialAction\":[{\"@type\":\"ReadAction\",\"target\":[\"https:\/\/snitz.se\/gymnasium\/modersmal\/\"]}]},{\"@type\":\"BreadcrumbList\",\"@id\":\"https:\/\/snitz.se\/gymnasium\/modersmal\/#breadcrumb\",\"itemListElement\":[{\"@type\":\"ListItem\",\"position\":1,\"name\":\"Hem\",\"item\":\"https:\/\/snitz.se\/gymnasium\/\"},{\"@type\":\"ListItem\",\"position\":2,\"name\":\"Modersm\u00e5l\"}]},{\"@type\":\"WebSite\",\"@id\":\"https:\/\/snitz.se\/gymnasium\/#website\",\"url\":\"https:\/\/snitz.se\/gymnasium\/\",\"name\":\"Snitz Gymnasium\",\"description\":\"Just another WordPress site\",\"potentialAction\":[{\"@type\":\"SearchAction\",\"target\":{\"@type\":\"EntryPoint\",\"urlTemplate\":\"https:\/\/snitz.se\/gymnasium\/?s={search_term_string}\"},\"query-input\":\"required name=search_term_string\"}],\"inLanguage\":\"sv-SE\"}]}<\/script>\n<!-- \/ Yoast SEO plugin. -->","yoast_head_json":{"title":"Snitz Gymnasium","description":"Fr\u00e5n och med 1 juli 2025 g\u00e4ller nya best\u00e4mmelser f\u00f6r elever som vill l\u00e4sa modersm\u00e5l i ett nationellt minoritetsspr\u00e5k (finska, jiddisch, me\u00e4nkieli, romani chib eller samiska).","robots":{"index":"index","follow":"follow","max-snippet":"max-snippet:-1","max-image-preview":"max-image-preview:large","max-video-preview":"max-video-preview:-1"},"canonical":"https:\/\/snitz.se\/gymnasium\/modersmal\/","og_locale":"sv_SE","og_type":"article","og_description":"Fr\u00e5n och med 1 juli 2025 g\u00e4ller nya best\u00e4mmelser f\u00f6r elever som vill l\u00e4sa modersm\u00e5l i ett nationellt minoritetsspr\u00e5k (finska, jiddisch, me\u00e4nkieli, romani chib eller samiska).","og_url":"https:\/\/snitz.se\/gymnasium\/modersmal\/","og_site_name":"Snitz Gymnasium","article_modified_time":"2026-04-14T10:08:49+00:00","og_image":[{"width":1200,"height":630,"url":"https:\/\/snitz.se\/wp-content\/uploads\/sites\/3\/2026\/04\/mg4125-1200x630.jpg","type":"image\/jpeg"}],"twitter_card":"summary_large_image","twitter_description":"Fr\u00e5n och med 1 juli 2025 g\u00e4ller nya best\u00e4mmelser f\u00f6r elever som vill l\u00e4sa modersm\u00e5l i ett nationellt minoritetsspr\u00e5k (finska, jiddisch, me\u00e4nkieli, romani chib eller samiska).","twitter_image":"https:\/\/snitz.se\/wp-content\/uploads\/sites\/3\/2026\/04\/mg4125-1200x630.jpg","twitter_misc":{"Ber\u00e4knad l\u00e4stid":"1 minut"},"schema":{"@context":"https:\/\/schema.org","@graph":[{"@type":"WebPage","@id":"https:\/\/snitz.se\/gymnasium\/modersmal\/","url":"https:\/\/snitz.se\/gymnasium\/modersmal\/","name":"Modersm\u00e5l - Snitz Gymnasium","isPartOf":{"@id":"https:\/\/snitz.se\/gymnasium\/#website"},"datePublished":"2025-08-06T13:14:41+00:00","dateModified":"2026-04-14T10:08:49+00:00","description":"Fr\u00e5n och med 1 juli 2025 g\u00e4ller nya best\u00e4mmelser f\u00f6r elever som vill l\u00e4sa modersm\u00e5l i ett nationellt minoritetsspr\u00e5k (finska, jiddisch, me\u00e4nkieli, romani chib eller samiska).","breadcrumb":{"@id":"https:\/\/snitz.se\/gymnasium\/modersmal\/#breadcrumb"},"inLanguage":"sv-SE","potentialAction":[{"@type":"ReadAction","target":["https:\/\/snitz.se\/gymnasium\/modersmal\/"]}]},{"@type":"BreadcrumbList","@id":"https:\/\/snitz.se\/gymnasium\/modersmal\/#breadcrumb","itemListElement":[{"@type":"ListItem","position":1,"name":"Hem","item":"https:\/\/snitz.se\/gymnasium\/"},{"@type":"ListItem","position":2,"name":"Modersm\u00e5l"}]},{"@type":"WebSite","@id":"https:\/\/snitz.se\/gymnasium\/#website","url":"https:\/\/snitz.se\/gymnasium\/","name":"Snitz Gymnasium","description":"Just another WordPress site","potentialAction":[{"@type":"SearchAction","target":{"@type":"EntryPoint","urlTemplate":"https:\/\/snitz.se\/gymnasium\/?s={search_term_string}"},"query-input":"required name=search_term_string"}],"inLanguage":"sv-SE"}]}},"_links":{"self":[{"href":"https:\/\/snitz.se\/gymnasium\/wp-json\/wp\/v2\/pages\/1191"}],"collection":[{"href":"https:\/\/snitz.se\/gymnasium\/wp-json\/wp\/v2\/pages"}],"about":[{"href":"https:\/\/snitz.se\/gymnasium\/wp-json\/wp\/v2\/types\/page"}],"author":[{"embeddable":true,"href":"https:\/\/snitz.se\/gymnasium\/wp-json\/wp\/v2\/users\/4"}],"replies":[{"embeddable":true,"href":"https:\/\/snitz.se\/gymnasium\/wp-json\/wp\/v2\/comments?post=1191"}],"version-history":[{"count":10,"href":"https:\/\/snitz.se\/gymnasium\/wp-json\/wp\/v2\/pages\/1191\/revisions"}],"predecessor-version":[{"id":1580,"href":"https:\/\/snitz.se\/gymnasium\/wp-json\/wp\/v2\/pages\/1191\/revisions\/1580"}],"wp:featuredmedia":[{"embeddable":true,"href":"https:\/\/snitz.se\/gymnasium\/wp-json\/wp\/v2\/media\/1437"}],"wp:attachment":[{"href":"https:\/\/snitz.se\/gymnasium\/wp-json\/wp\/v2\/media?parent=1191"}],"curies":[{"name":"wp","href":"https:\/\/api.w.org\/{rel}","templated":true}]}}

Modersmål

<h2 class="wp-block-heading"></h2>



	
	
	

	
	
		
<section  class="c-block l-stacked  " data-color-scheme="orange">
	<div class="ams-fifty ams-fifty--container ams-fifty--right ams-fifty--bottom l-container u-pt-fluid-3xl-6xl u-pb-fluid-3xl-6xl">
		<div class="ams-fifty__content l-stack l-stack-xl is-left is-left@lg">
			<div class="ams-fifty__text l-stack l-stack-lg">
					
	<h2
	class="c-heading u-font-title-1 "
	style="">
		
					Modersmål
				
	</h2>

									<div class="text l-stack u-font-body">
						<p><strong>Nya regler för modersmålsundervisning i nationella minoritetsspråk från 1 juli 2025.</strong></p>
<p>Från och med 1 juli 2025 gäller nya bestämmelser för elever som vill läsa modersmål i ett nationellt minoritetsspråk (finska, jiddisch, meänkieli, romani chib eller samiska).</p>
<p>Det tidigare kravet på att ha goda kunskaper i språket tas bort. Det innebär att elever som har tillhörighet till ett nationellt minoritetsspråk kan få modersmålsundervisning även om de inte redan behärskar språket väl.</p>
<p>Läs mer om rätten att läsa modersmål på <a href="https://utbildningsguiden.skolverket.se/gymnasieskolan/sprak-i-gymnasieskolan/din-ratt-att-lasa-modersmal-i-gymnasieskolan">Skolverkets webbplats. </a>För att ansöka om modersmålsundervisning kan du använda vår ansökningsmall.</p>

					</div>
							</div>

				<div class="ams-fifty__action u-inline-items">
							


<a href="https://snitz.se/wp-content/uploads/sites/3/2025/08/ansokan-om-modersmal-gymnasieskola-uppdaterad-250311.pdf"
	
	class="c-btn "
	data-style="rounded"
	data-size="md"
	data-width="full-mobile"
	data-variant="default"
	target="_blank">
			<span class="label"> Ansökningsmall</span>
			</a>
			</div>
		</div>

		 <div class="ams-fifty__media u-ratio-square">
		 					<img loading="lazy" decoding="async" width="600" height="400" src="https://snitz.se/wp-content/uploads/sites/3/2026/04/mg4125-600x400.jpg" class="attachment-md size-md" alt="Elever som läser och skrattar tillsammans." sizes="(min-width: 64em) 600px, calc(100vw - 160px)" srcset="https://snitz.se/wp-content/uploads/sites/3/2026/04/mg4125-600x400.jpg 600w, https://snitz.se/wp-content/uploads/sites/3/2026/04/mg4125-300x200.jpg 300w, https://snitz.se/wp-content/uploads/sites/3/2026/04/mg4125-400x267.jpg 400w, https://snitz.se/wp-content/uploads/sites/3/2026/04/mg4125-800x533.jpg 800w, https://snitz.se/wp-content/uploads/sites/3/2026/04/mg4125-1024x683.jpg 1024w, https://snitz.se/wp-content/uploads/sites/3/2026/04/mg4125-1200x800.jpg 1200w, https://snitz.se/wp-content/uploads/sites/3/2026/04/mg4125.jpg 1500w" />
			
			
					</div>
	</div>

		

</section>



<p></p>

<!-- This site is optimized with the Yoast SEO plugin v22.0 - https://yoast.com/wordpress/plugins/seo/ -->
<title>Snitz Gymnasium</title>
<meta name="description" content="Från och med 1 juli 2025 gäller nya bestämmelser för elever som vill läsa modersmål i ett nationellt minoritetsspråk (finska, jiddisch, meänkieli, romani chib eller samiska)." />
<meta name="robots" content="index, follow, max-snippet:-1, max-image-preview:large, max-video-preview:-1" />
<link rel="canonical" href="https://snitz.se/gymnasium/modersmal/" />
<meta property="og:locale" content="sv_SE" />
<meta property="og:type" content="article" />
<meta property="og:description" content="Från och med 1 juli 2025 gäller nya bestämmelser för elever som vill läsa modersmål i ett nationellt minoritetsspråk (finska, jiddisch, meänkieli, romani chib eller samiska)." />
<meta property="og:url" content="https://snitz.se/gymnasium/modersmal/" />
<meta property="og:site_name" content="Snitz Gymnasium" />
<meta property="article:modified_time" content="2026-04-14T10:08:49+00:00" />
<meta property="og:image" content="https://snitz.se/wp-content/uploads/sites/3/2026/04/mg4125-1200x630.jpg" />
	<meta property="og:image:width" content="1200" />
	<meta property="og:image:height" content="630" />
	<meta property="og:image:type" content="image/jpeg" />
<meta name="twitter:card" content="summary_large_image" />
<meta name="twitter:description" content="Från och med 1 juli 2025 gäller nya bestämmelser för elever som vill läsa modersmål i ett nationellt minoritetsspråk (finska, jiddisch, meänkieli, romani chib eller samiska)." />
<meta name="twitter:image" content="https://snitz.se/wp-content/uploads/sites/3/2026/04/mg4125-1200x630.jpg" />
<meta name="twitter:label1" content="Beräknad lästid" />
	<meta name="twitter:data1" content="1 minut" />
<script type="application/ld+json" class="yoast-schema-graph">{"@context":"https://schema.org","@graph":[{"@type":"WebPage","@id":"https://snitz.se/gymnasium/modersmal/","url":"https://snitz.se/gymnasium/modersmal/","name":"Modersmål - Snitz Gymnasium","isPartOf":{"@id":"https://snitz.se/gymnasium/#website"},"datePublished":"2025-08-06T13:14:41+00:00","dateModified":"2026-04-14T10:08:49+00:00","description":"Från och med 1 juli 2025 gäller nya bestämmelser för elever som vill läsa modersmål i ett nationellt minoritetsspråk (finska, jiddisch, meänkieli, romani chib eller samiska).","breadcrumb":{"@id":"https://snitz.se/gymnasium/modersmal/#breadcrumb"},"inLanguage":"sv-SE","potentialAction":[{"@type":"ReadAction","target":["https://snitz.se/gymnasium/modersmal/"]}]},{"@type":"BreadcrumbList","@id":"https://snitz.se/gymnasium/modersmal/#breadcrumb","itemListElement":[{"@type":"ListItem","position":1,"name":"Hem","item":"https://snitz.se/gymnasium/"},{"@type":"ListItem","position":2,"name":"Modersmål"}]},{"@type":"WebSite","@id":"https://snitz.se/gymnasium/#website","url":"https://snitz.se/gymnasium/","name":"Snitz Gymnasium","description":"Just another WordPress site","potentialAction":[{"@type":"SearchAction","target":{"@type":"EntryPoint","urlTemplate":"https://snitz.se/gymnasium/?s={search_term_string}"},"query-input":"required name=search_term_string"}],"inLanguage":"sv-SE"}]}</script>
<!-- / Yoast SEO plugin. -->

Från och med 1 juli 2025 gäller nya bestämmelser för elever som vill läsa modersmål i ett nationellt minoritetsspråk (finska, jiddisch, meänkieli, romani chib eller samiska).

Modersmål - Snitz Gymnasium
