{"id":65,"date":"2024-01-15T12:19:54","date_gmt":"2024-01-15T12:19:54","guid":{"rendered":"https:\/\/snitz.se\/gymnasium\/?page_id=65"},"modified":"2026-04-14T08:49:33","modified_gmt":"2026-04-14T08:49:33","slug":"jobba-hos-oss","status":"publish","type":"page","link":"https:\/\/snitz.se\/gymnasium\/om-skolan\/jobba-hos-oss\/","title":{"rendered":"Jobba hos oss"},"content":{"rendered":"\n\t\n\t\n\t\n\n\t\n\t\n\t\t\n<section  class=\"c-block l-stacked  \" data-color-scheme=\"white\">\n\t<div class=\"ams-fifty ams-fifty--container ams-fifty--right ams-fifty--bottom l-container u-pt-fluid-3xl-6xl u-pb-fluid-3xl-6xl\">\n\t\t<div class=\"ams-fifty__content l-stack l-stack-xl is-left is-left@lg\">\n\t\t\t<div class=\"ams-fifty__text l-stack l-stack-lg\">\n\t\t\t\t\t\n\t<h1\n\tclass=\"c-heading u-font-title-1 \"\n\tstyle=\"\">\n\t\t\n\t\t\t\t\tAtt jobba p\u00e5 Snitz\n\t\t\t\t\n\t<\/h1>\n\n\t\t\t\t\t\t\t\t\t<div class=\"text l-stack u-font-body\">\n\t\t\t\t\t\t<p>P\u00e5 Snitz gymnasium m\u00f6ts du av gl\u00e4dje, energi och kreativitet fr\u00e5n b\u00e5de elever och personal. Vi \u00e4r inte bara en m\u00f6tesplats f\u00f6r studier och m\u00e5luppfyllelse utan \u00e4ven en m\u00f6tesplats d\u00e4r v\u00e5ra elever f\u00e5r m\u00f6jligheten att v\u00e4xa som individer utifr\u00e5n sina f\u00f6ruts\u00e4ttningar.<\/p>\n<p>Snitz gymnasium riktar sig till elever med neuropsykiatriska funktionsneds\u00e4ttningar och har utvecklat en pedagogik f\u00f6r att m\u00f6ta elever i behov av ett uttalat s\u00e4rskilt st\u00f6d. P\u00e5 Snitz f\u00e5r du arbeta med fantastiska elever i en liten resursskola med sm\u00e5 klasser.<\/p>\n<p>Marknadsm\u00e4ssig l\u00f6n och ferietj\u00e4nst f\u00f6r l\u00e4rare som \u00e4r schemalagd med l\u00e4ngre sammanh\u00e4ngande ledighet under elevernas lov.<\/p>\n\n\t\t\t\t\t<\/div>\n\t\t\t\t\t\t\t<\/div>\n\n\t\t\t\t\t<\/div>\n\n\t\t <div class=\"ams-fifty__media u-ratio-square\">\n\t\t \t\t\t\t\t<img loading=\"lazy\" decoding=\"async\" width=\"600\" height=\"467\" src=\"https:\/\/snitz.se\/wp-content\/uploads\/sites\/3\/2026\/04\/mg5105-e1776156556228-600x467.jpg\" class=\"attachment-md size-md\" alt=\"L\u00e4rare som hj\u00e4lper en elev som sitter med dator i klassrummet.\" sizes=\"(min-width: 64em) 600px, calc(100vw - 160px)\" srcset=\"https:\/\/snitz.se\/wp-content\/uploads\/sites\/3\/2026\/04\/mg5105-e1776156556228-600x467.jpg 600w, https:\/\/snitz.se\/wp-content\/uploads\/sites\/3\/2026\/04\/mg5105-e1776156556228-300x233.jpg 300w, https:\/\/snitz.se\/wp-content\/uploads\/sites\/3\/2026\/04\/mg5105-e1776156556228-400x311.jpg 400w, https:\/\/snitz.se\/wp-content\/uploads\/sites\/3\/2026\/04\/mg5105-e1776156556228-800x623.jpg 800w, https:\/\/snitz.se\/wp-content\/uploads\/sites\/3\/2026\/04\/mg5105-e1776156556228-1024x797.jpg 1024w, https:\/\/snitz.se\/wp-content\/uploads\/sites\/3\/2026\/04\/mg5105-e1776156556228-1200x934.jpg 1200w, https:\/\/snitz.se\/wp-content\/uploads\/sites\/3\/2026\/04\/mg5105-e1776156556228.jpg 1285w\" \/>\n\t\t\t\n\t\t\t\n\t\t\t\t\t<\/div>\n\t<\/div>\n\n\t\t\n\n<\/section>\n\n\n\n<div   class=\"module_wrapper shortcode-module global_body-color  site__text-color--dark   typography__wrapper py-4\" >\n\n\t<div class=\"col-12 cmb-30 text-center col-md-8 offset-md-2\">\n\t\t\t\t\t\t<h2   class=\"site__heading-size-2 section-title  site__text-color  text-center\">\n\t\t\t\tLediga tj\u00e4nster hos Snitz gymnasium\t\t\t<\/h2>\n\t\t\t<\/div>\n\n\t<div class=\"anchor_classes_div\"\n\t\t data-cta=\" nostyle site__a_cta \"\n\t\t data-theme=\" nostyle site__a_text \"\n\t\t data-darklight=\" nostyle site__a_dark \">\n\t\t\n\t<\/div>\n\n\t<div   class=\"shortcode-wrapper module-expand \">\n\t\t<div id=\"onecruiter_container\"><\/div> <script type=\"text\/javascript\" src=\"https:\/\/academedia-snitz.onecruiter.com\/embed?container=onecruiter_container&#038;scrollOnLoad=true&#038;scrollOnRef=true\"><\/script>\t<\/div>\n\n\t<span   class=\"get-classlist btn text-center site__font-monospace pt-2 site__cta-bg--100 site__cta-bg--100 site__text-color--light site__text-color--light slightly-rounded-corners-btn-shape mt-3 mr-4 mb-1 site__font-monospace\"\n\t\t  style=\"height:0px; opacity:0; margin:0 !important;\"><\/span>\n<\/div>\n\n","protected":false},"excerpt":{"rendered":"","protected":false},"author":1,"featured_media":1428,"parent":47,"menu_order":0,"comment_status":"closed","ping_status":"closed","template":"","meta":{"footnotes":""},"yoast_head":"<!-- This site is optimized with the Yoast SEO plugin v22.0 - https:\/\/yoast.com\/wordpress\/plugins\/seo\/ -->\n<title>Jobba hos oss p\u00e5 Snitz Gymnasium<\/title>\n<meta name=\"description\" content=\"Lediga tj\u00e4nster hos Snitz gymnasium.\" \/>\n<meta name=\"robots\" content=\"index, follow, max-snippet:-1, max-image-preview:large, max-video-preview:-1\" \/>\n<link rel=\"canonical\" href=\"https:\/\/snitz.se\/gymnasium\/om-skolan\/jobba-hos-oss\/\" \/>\n<meta property=\"og:locale\" content=\"sv_SE\" \/>\n<meta property=\"og:type\" content=\"article\" \/>\n<meta property=\"og:title\" content=\"Jobba hos oss p\u00e5 Snitz Gymnasium\" \/>\n<meta property=\"og:description\" content=\"Lediga tj\u00e4nster hos Snitz gymnasium.\" \/>\n<meta property=\"og:url\" content=\"https:\/\/snitz.se\/gymnasium\/om-skolan\/jobba-hos-oss\/\" \/>\n<meta property=\"og:site_name\" content=\"Snitz Gymnasium\" \/>\n<meta property=\"article:modified_time\" content=\"2026-04-14T08:49:33+00:00\" \/>\n<meta property=\"og:image\" content=\"https:\/\/snitz.se\/wp-content\/uploads\/sites\/3\/2026\/04\/mg5105-e1776156556228-1200x630.jpg\" \/>\n\t<meta property=\"og:image:width\" content=\"1200\" \/>\n\t<meta property=\"og:image:height\" content=\"630\" \/>\n\t<meta property=\"og:image:type\" content=\"image\/jpeg\" \/>\n<meta name=\"twitter:card\" content=\"summary_large_image\" \/>\n<meta name=\"twitter:title\" content=\"Jobba hos oss p\u00e5 Snitz Gymnasium\" \/>\n<meta name=\"twitter:description\" content=\"Lediga tj\u00e4nster hos Snitz gymnasium.\" \/>\n<meta name=\"twitter:image\" content=\"https:\/\/snitz.se\/wp-content\/uploads\/sites\/3\/2026\/04\/mg5105-e1776156556228-1200x630.jpg\" \/>\n<meta name=\"twitter:label1\" content=\"Ber\u00e4knad l\u00e4stid\" \/>\n\t<meta name=\"twitter:data1\" content=\"1 minut\" \/>\n<script type=\"application\/ld+json\" class=\"yoast-schema-graph\">{\"@context\":\"https:\/\/schema.org\",\"@graph\":[{\"@type\":\"WebPage\",\"@id\":\"https:\/\/snitz.se\/gymnasium\/om-skolan\/jobba-hos-oss\/\",\"url\":\"https:\/\/snitz.se\/gymnasium\/om-skolan\/jobba-hos-oss\/\",\"name\":\"Jobba hos oss p\u00e5 Snitz Gymnasium\",\"isPartOf\":{\"@id\":\"https:\/\/snitz.se\/gymnasium\/#website\"},\"datePublished\":\"2024-01-15T12:19:54+00:00\",\"dateModified\":\"2026-04-14T08:49:33+00:00\",\"description\":\"Lediga tj\u00e4nster hos Snitz gymnasium.\",\"breadcrumb\":{\"@id\":\"https:\/\/snitz.se\/gymnasium\/om-skolan\/jobba-hos-oss\/#breadcrumb\"},\"inLanguage\":\"sv-SE\",\"potentialAction\":[{\"@type\":\"ReadAction\",\"target\":[\"https:\/\/snitz.se\/gymnasium\/om-skolan\/jobba-hos-oss\/\"]}]},{\"@type\":\"BreadcrumbList\",\"@id\":\"https:\/\/snitz.se\/gymnasium\/om-skolan\/jobba-hos-oss\/#breadcrumb\",\"itemListElement\":[{\"@type\":\"ListItem\",\"position\":1,\"name\":\"Hem\",\"item\":\"https:\/\/snitz.se\/gymnasium\/\"},{\"@type\":\"ListItem\",\"position\":2,\"name\":\"Om skolan\",\"item\":\"https:\/\/snitz.se\/gymnasium\/om-skolan\/\"},{\"@type\":\"ListItem\",\"position\":3,\"name\":\"Jobba hos oss\"}]},{\"@type\":\"WebSite\",\"@id\":\"https:\/\/snitz.se\/gymnasium\/#website\",\"url\":\"https:\/\/snitz.se\/gymnasium\/\",\"name\":\"Snitz Gymnasium\",\"description\":\"Just another WordPress site\",\"potentialAction\":[{\"@type\":\"SearchAction\",\"target\":{\"@type\":\"EntryPoint\",\"urlTemplate\":\"https:\/\/snitz.se\/gymnasium\/?s={search_term_string}\"},\"query-input\":\"required name=search_term_string\"}],\"inLanguage\":\"sv-SE\"}]}<\/script>\n<!-- \/ Yoast SEO plugin. -->","yoast_head_json":{"title":"Jobba hos oss p\u00e5 Snitz Gymnasium","description":"Lediga tj\u00e4nster hos Snitz gymnasium.","robots":{"index":"index","follow":"follow","max-snippet":"max-snippet:-1","max-image-preview":"max-image-preview:large","max-video-preview":"max-video-preview:-1"},"canonical":"https:\/\/snitz.se\/gymnasium\/om-skolan\/jobba-hos-oss\/","og_locale":"sv_SE","og_type":"article","og_title":"Jobba hos oss p\u00e5 Snitz Gymnasium","og_description":"Lediga tj\u00e4nster hos Snitz gymnasium.","og_url":"https:\/\/snitz.se\/gymnasium\/om-skolan\/jobba-hos-oss\/","og_site_name":"Snitz Gymnasium","article_modified_time":"2026-04-14T08:49:33+00:00","og_image":[{"width":1200,"height":630,"url":"https:\/\/snitz.se\/wp-content\/uploads\/sites\/3\/2026\/04\/mg5105-e1776156556228-1200x630.jpg","type":"image\/jpeg"}],"twitter_card":"summary_large_image","twitter_title":"Jobba hos oss p\u00e5 Snitz Gymnasium","twitter_description":"Lediga tj\u00e4nster hos Snitz gymnasium.","twitter_image":"https:\/\/snitz.se\/wp-content\/uploads\/sites\/3\/2026\/04\/mg5105-e1776156556228-1200x630.jpg","twitter_misc":{"Ber\u00e4knad l\u00e4stid":"1 minut"},"schema":{"@context":"https:\/\/schema.org","@graph":[{"@type":"WebPage","@id":"https:\/\/snitz.se\/gymnasium\/om-skolan\/jobba-hos-oss\/","url":"https:\/\/snitz.se\/gymnasium\/om-skolan\/jobba-hos-oss\/","name":"Jobba hos oss p\u00e5 Snitz Gymnasium","isPartOf":{"@id":"https:\/\/snitz.se\/gymnasium\/#website"},"datePublished":"2024-01-15T12:19:54+00:00","dateModified":"2026-04-14T08:49:33+00:00","description":"Lediga tj\u00e4nster hos Snitz gymnasium.","breadcrumb":{"@id":"https:\/\/snitz.se\/gymnasium\/om-skolan\/jobba-hos-oss\/#breadcrumb"},"inLanguage":"sv-SE","potentialAction":[{"@type":"ReadAction","target":["https:\/\/snitz.se\/gymnasium\/om-skolan\/jobba-hos-oss\/"]}]},{"@type":"BreadcrumbList","@id":"https:\/\/snitz.se\/gymnasium\/om-skolan\/jobba-hos-oss\/#breadcrumb","itemListElement":[{"@type":"ListItem","position":1,"name":"Hem","item":"https:\/\/snitz.se\/gymnasium\/"},{"@type":"ListItem","position":2,"name":"Om skolan","item":"https:\/\/snitz.se\/gymnasium\/om-skolan\/"},{"@type":"ListItem","position":3,"name":"Jobba hos oss"}]},{"@type":"WebSite","@id":"https:\/\/snitz.se\/gymnasium\/#website","url":"https:\/\/snitz.se\/gymnasium\/","name":"Snitz Gymnasium","description":"Just another WordPress site","potentialAction":[{"@type":"SearchAction","target":{"@type":"EntryPoint","urlTemplate":"https:\/\/snitz.se\/gymnasium\/?s={search_term_string}"},"query-input":"required name=search_term_string"}],"inLanguage":"sv-SE"}]}},"_links":{"self":[{"href":"https:\/\/snitz.se\/gymnasium\/wp-json\/wp\/v2\/pages\/65"}],"collection":[{"href":"https:\/\/snitz.se\/gymnasium\/wp-json\/wp\/v2\/pages"}],"about":[{"href":"https:\/\/snitz.se\/gymnasium\/wp-json\/wp\/v2\/types\/page"}],"author":[{"embeddable":true,"href":"https:\/\/snitz.se\/gymnasium\/wp-json\/wp\/v2\/users\/1"}],"replies":[{"embeddable":true,"href":"https:\/\/snitz.se\/gymnasium\/wp-json\/wp\/v2\/comments?post=65"}],"version-history":[{"count":9,"href":"https:\/\/snitz.se\/gymnasium\/wp-json\/wp\/v2\/pages\/65\/revisions"}],"predecessor-version":[{"id":1539,"href":"https:\/\/snitz.se\/gymnasium\/wp-json\/wp\/v2\/pages\/65\/revisions\/1539"}],"up":[{"embeddable":true,"href":"https:\/\/snitz.se\/gymnasium\/wp-json\/wp\/v2\/pages\/47"}],"wp:featuredmedia":[{"embeddable":true,"href":"https:\/\/snitz.se\/gymnasium\/wp-json\/wp\/v2\/media\/1428"}],"wp:attachment":[{"href":"https:\/\/snitz.se\/gymnasium\/wp-json\/wp\/v2\/media?parent=65"}],"curies":[{"name":"wp","href":"https:\/\/api.w.org\/{rel}","templated":true}]}}